9*f**4/24 - 3*f**3 + 5. Let s(a) be the third derivative of h(a). What is the units digit of s(-7)?
3
Let s(g) = g**3 + 8*g**2 + 9*g - 7. Let f be s(-6). Let k = f - 11. Suppose -3*y = -2*i + 2*y + 135, 3*i - 5*y - 195 = k. What is the tens digit of i?
6
Suppose -4 = 3*z + z - 2*p, -2*p = 2*z - 4. Suppose -4*t - 8 = z, 4*m + 1 - 19 = -5*t. Let c(j) = -j**2 + 9*j + 6. What is the tens digit of c(m)?
2
Let l = 0 + 2. Suppose -4*i + 12 = 0, 5*i - l*i = -2*b + 129. Suppose 5*z = 3*q + 80, -b = -5*z - 0*z - q. What is the units digit of z?
3
Suppose -15 = 5*j - 0. Suppose 2*g = -s - 6 + 18, 5*s - 55 = -5*g. What is the units digit of (5/2 - j)*s?
5
Let g(r) = 79*r**2 - 21*r + 47. What is the hundreds digit of g(3)?
6
Let x be (0 - -2)*807/6 - 2. Suppose 2*n - x = 5*y, -4*n - 14 + 503 = 5*y. What is the tens digit of n?
2
Let b = -99 + 107. Let i(g) = 4*g**2 + 2*g - 9. What is the tens digit of i(b)?
6
What is the tens digit of 3327*(-3)/(-24) + (-1)/(-8)?
1
What is the hundreds digit of (-52 - (-13 - -9))*28/(-3)?
4
Let i = 1197 + -812. What is the units digit of i?
5
Let l be ((-1516)/(-3))/((-5)/(-3) + -1). Suppose 2*x - 390 = 3*v, -l = -4*x - 2*v - 3*v. What is the hundreds digit of x?
1
Let f(u) = 4951*u + 29. What is the units digit of f(1)?
0
Let j = -2094 + 3180. What is the tens digit of j?
8
Let x(b) = -3 - 7*b - 4*b + 8*b. What is the tens digit of x(-5)?
1
Let h = -21 - -4. Let q = 22 + h. Suppose q*k = 218 - 18. What is the tens digit of k?
4
Suppose 8*d - 14 = -6. What is the hundreds digit of (-1 - -263)/(-2)*(-2 + d)?
1
Let l(m) = 5*m + 6. Let o(p) = -1. Let f(c) = l(c) + 2*o(c). Suppose i - z + 1 = 0, 8 = -4*i + 3*z + 2*z. What is the units digit of f(i)?
9
Let h(x) = 38*x + 85. What is the hundreds digit of h(29)?
1
Let m(g) = 2*g**2 - 2*g + 14. Let z be m(8). Let i = z - 64. What is the tens digit of i?
6
Let u(i) = 168*i**2 + 12*i + 7. What is the tens digit of u(-2)?
5
Let i(p) = 74*p - 4. Let n be (-418)/(-114) + -2*1/3. What is the units digit of i(n)?
8
What is the tens digit of ((-256)/(-6) + 0)/((-18)/(-216))?
1
Suppose 4*s - 3*s - 16 = 0. Suppose 15 = p + 2*v - 31, 2*p = v + 92. Suppose x - s - p = 0. What is the units digit of x?
2
Let u(r) = -69*r + 177. What is the hundreds digit of u(-9)?
7
Suppose 2182 = 3*n + 4*q, 4*n = -3*q + 2108 + 813. What is the units digit of n?
4
Let s be 3*41 + (4 - 3)*3. Suppose 19*u = 22*u - s. What is the tens digit of u?
4
Let r(g) = g**2 + 10*g - 7. Let y be r(-11). Let z be 10 + y/8*-2. Suppose z*d - 154 = 7*d. What is the units digit of d?
7
Suppose 0 = -23*y + 28*y - 20. Suppose 13*q = y*q + 297. What is the units digit of q?
3
Let p(s) = 26*s**2 - 3*s + 1. Let m be p(2). Let t be (0 + m/(-6))*-2. Suppose -2*i + t = 9. What is the tens digit of i?
1
Let l(y) = y**3 - 9*y**2 + 9*y - 11. Let q be l(8). Let f be 0*(2 + 2 + q). Suppose 2*d + 3*p = 18 + 8, f = -d + p + 18. What is the tens digit of d?
1
Suppose 0 = 4*k - 2*m - 3926, 0 = 5*k - m - 5464 + 549. What is the hundreds digit of k?
9
Let a(o) = -7*o**2 + 9*o**2 + 0*o - 3*o. Let t be a(3). What is the units digit of (2/(-3))/((-3)/t)?
2
Suppose 8*n = 2*n + 378. Suppose 0 = -g - 3*y + 83, y + 0*y = g - n. What is the tens digit of g?
6
Suppose 0 = 2*p + 3*x - 16, -5*p - 3*x = -0*x - 31. Suppose 5*t - 530 = -p*t. What is the units digit of t?
3
Suppose -x + 9 = -q - 142, -5*x - 4*q = -764. What is the units digit of x?
2
Let b = 1836 + 1437. What is the hundreds digit of b?
2
Suppose 2*d + 5*a = -33, 20 = -3*d - 3*a - 7. Let r be 8/(d/(-4)*2). What is the tens digit of r/6 - (-330)/18?
1
Let i be (-2 - -3)/(-2)*12. Let a be 68/24 + (-1)/i. What is the units digit of (a/(-6) - 1)*-2?
3
Suppose -154 - 83 = -l + 4*q, -l - q = -247. What is the tens digit of l?
4
Let g be 4/14 + 480/35. Let f be 56/10 + g/35. What is the units digit of ((-8)/f)/((-10)/15)?
2
Suppose 4305 = 4*j - 15399. What is the thousands digit of j?
4
Suppose -6*a = -11*a + 15. Suppose 3*l + 25 = 4*n + n, 4*n + a*l = -7. What is the units digit of n?
2
Suppose -2*n + 123 + 203 = 0. What is the hundreds digit of ((-1)/(-2))/((-1)/(-6)) + n?
1
Let k be (0 + 10/(-4))*750/(-3). Suppose -7*l + k = -2*l. What is the tens digit of l?
2
Let t(r) = -82*r - 11. Let v = 86 + -90. What is the units digit of t(v)?
7
Let n be (-44)/(-12) - 2/(-6). Let y(s) = -2*s + 78. Let h be y(0). Suppose o = n*o - h. What is the units digit of o?
6
Let x be ((-60)/35)/4*-21. Suppose -2*z - 5*g + 471 = 0, 5*z - 5*g + 937 = x*z. What is the units digit of z?
3
Let s = -28 - -181. What is the tens digit of 12/20*5 + s?
5
What is the units digit of (9/(-6))/((-6)/2720)?
0
Suppose 4*a = 27 + 41. Suppose -65 = -2*p + a. Suppose 5*q - 53 = -j, -j - q - 8 = -p. What is the tens digit of j?
2
Let g(u) be the third derivative of 5*u**2 + 0*u + 0 + 1/24*u**4 + 1/5*u**5 + 1/6*u**3. What is the units digit of g(-1)?
2
What is the hundreds digit of 1446 + (24*-3)/9?
4
Suppose -4*h - 574 = 5*i, -4*i + 300 = -3*h + h. Let p = h + 68. What is the tens digit of (9/27)/((-2)/p)?
1
Let h(w) = 76*w**3 + w**2 + w - 2. Suppose 119*a - 120*a + 1 = 0. What is the units digit of h(a)?
6
Let i be (-1*1)/((-12)/48). Suppose i + 0 = 2*b. What is the units digit of (-1)/(1*b/(-18))?
9
Suppose 58*m - 182000 = -7*m. What is the tens digit of m?
0
Suppose -6*p - 32*p + 63916 = 0. What is the thousands digit of p?
1
Let s(k) = 187*k + 923. What is the thousands digit of s(8)?
2
Let m = 3 - 0. Let h(u) = 2 + 4*u - 2 - 2*u - 2. What is the units digit of h(m)?
4
What is the tens digit of -2 + 5 + (-5)/((-10)/3802)?
0
Let o = 2964 - -1048. What is the tens digit of o?
1
Suppose -4*w = 2*b - 20, 2*b + 2*w + 0*w - 12 = 0. Suppose -b*m - 2 = -m. What is the units digit of m + 3 - (-4 + -19)?
4
Let u = 11 + -12. Let s = -1 + u. What is the units digit of 760/16 + 1/s?
7
Let q(x) = x**2 + 7*x - 2. Let g be q(-7). What is the tens digit of (3/g - -3)*130/3?
6
Let k(m) = -2*m**2 - 13*m + 4. Let y(z) = z**2 + 12*z - 3. Let i(l) = -3*k(l) - 4*y(l). Let d be (2/5)/(4/60). What is the tens digit of i(d)?
1
Suppose -2*u + 805 = 2*s - 237, 2*u = 3*s - 1548. What is the tens digit of s?
1
Let t = 2 + 1. Let w = 141 - 115. Suppose 0 = -t*x + 85 + w. What is the tens digit of x?
3
Let m = -946 + 2820. What is the tens digit of m?
7
Suppose 2*b + 0*f = -5*f + 113, -24 = -b + 4*f. What is the units digit of b?
4
What is the hundreds digit of 6/87 + 280410/1131?
2
Let f(y) = -66*y - 32. Let b(z) = 22*z + 11. Let j(s) = -11*b(s) - 4*f(s). What is the tens digit of j(4)?
9
Let q = -27 + 41. Suppose -9*h - 420 = -q*h. What is the units digit of h?
4
Let i be 49 - (6/(-1 - -4))/(-2). Let q = 289 - i. What is the tens digit of q?
3
Suppose -7 = -c - 2. Suppose -4*m + c*y + 35 = -3*m, m + 3*y + 5 = 0. What is the units digit of m?
0
Let h = -1057 + 1685. What is the hundreds digit of h?
6
Let c be (-4)/8 - (-15)/2. Suppose 1121 = c*k + 232. What is the tens digit of k?
2
Let g be 4/6 - 28/(-3). Let l = g - 4. What is the units digit of l?
6
What is the units digit of (-1)/(-2)*(-3 + -73)*-37?
6
Let w(i) = -5*i + 37 + 2*i - 55 - 3*i. Suppose -4*v = -v + 12, f = 5*v + 14. What is the units digit of w(f)?
8
Let h be 12/3 - 8/4. Suppose -n = -2*o - 28, 0*n - n + h = 0. What is the tens digit of (o/3)/(8/(-72))?
3
Suppose 25*g - 20*g = 495. What is the units digit of g?
9
Let d(y) = 8*y**2 + 3*y. Let h(x) = x**2 + x + 1. Let w(a) = 6*a**2 + 5*a + 3. Let z(t) = 5*h(t) - w(t). Let l be z(-2). What is the tens digit of d(l)?
2
Let l = -9 + 18. Let v(a) = -a**3 + 8*a**2 + 8*a + 12. Let z be v(l). Suppose -z*r + 26 = 4*q - 23, 0 = -2*q - 2*r + 22. What is the units digit of q?
6
Suppose -3*h + 51*x + 6759 = 54*x, 2249 = h + 3*x. What is the tens digit of h?
5
Let u be (1 - 3)*5/(-2). Suppose 3*l - 5*z = 166, -u*l = -6*z + z - 270. What is the units digit of l?
2
Let p be 128/12*9/1. Suppose 17*n = 21*n - p. What is the tens digit of n?
2
Suppose 0 = 12*h - 24*h + 1884. What is the units digit of h?
7
Let r(l) = -30*l**3 + 10*l**2 + 12*l. What is the thousands digit of r(-5)?
3
Let r(q) = 45*q**2 - 19*q + 38. What is the units digit of r(4)?
2
Suppose 4 = -23*i + 24*i. Suppose 4*m - 288 = i*x, 4*m + 40 = 5*x + 323. What is the tens digit of m?
7
Let j = 257 + 1